{"id":13055,"date":"2023-11-13T18:12:10","date_gmt":"2023-11-13T17:12:10","guid":{"rendered":"https:\/\/www.fondazioneaibi.it\/faris\/?post_type=product&#038;p=13055"},"modified":"2023-11-13T19:42:47","modified_gmt":"2023-11-13T18:42:47","slug":"webinar-la-comunicazione-inclusiva-allinterno-del-gruppo-di-lavoro","status":"publish","type":"product","link":"https:\/\/www.fondazioneaibi.it\/faris\/prodotto\/webinar-la-comunicazione-inclusiva-allinterno-del-gruppo-di-lavoro\/","title":{"rendered":"WEBINAR La comunicazione inclusiva all&#8217;interno del gruppo di lavoro"},"content":{"rendered":"<p>PIATTAFORMA ZOOM<\/p>\n<p class=\"xmprfx_MsoNormal\">Lavorare in team non \u00e8 sempre facile, quantomeno <em>scontato<\/em>. Eppure il successo di molte delle nostre attivit\u00e0 professionali dipende dalla capacit\u00e0 di contribuire al buon funzionamento del lavoro di squadra.<\/p>\n<p>Il successo del teamwork non dipende solo dalle abilit\u00e0 tecniche e professionali dei singoli membri del gruppo, neanche dalla loro somma. Anzi, la piena valorizzazione delle skills individuali si raggiunge in un ambiente inclusivo e non discriminante, dove la &#8220;persona&#8221; si riconosca con le sue particolarit\u00e0 e competenze specifiche.<\/p>\n<p><strong>La possibilit\u00e0 di poter integrare differenze di genere, etniche, religiose, etiche, sociali passa dalla capacit\u00e0 di utilizzare, all&#8217;interno del gruppo, un linguaggio inclusivo<\/strong>. Un linguaggio che permetta di rendere le differenze, che rendono ognuno di noi unico, non un ostacolo al raggiungimento degli obiettivi, bens\u00ec uno <strong>strumento che permetta ai membri del gruppo di focalizzare energie ed attenzioni sulla prestazione senza &#8220;incastrarsi&#8221; in giudizi stereotipati<\/strong>.<\/p>\n<p>Per facilitare la comunicazione inclusiva esistono alcune tecniche e alcune disposizioni mentali, sociali, organizzative che il webinar si propone di mostrare.<\/p>\n<p><strong>Durata:\u00a0<\/strong>2\u00a0ore<\/p>\n<p>&nbsp;<\/p>\n<p><strong>Docente:<\/strong> Dott.ssa Valentina Bresciani, <em>Pedagogista e Coordinatore pedagogico delle strutture di accoglienza mamma-bambino per AIBC scs.<\/em><\/p>\n<p>&nbsp;<\/p>\n<p><strong>Per maggiori informazioni \u00e8 possibile contattare la segreteria di FARIS a\u00a0<\/strong><a href=\"mailto:faris@fondazioneaibi.it\"><strong>faris@fondazioneaibi.it<\/strong><\/a><\/p>\n","protected":false},"excerpt":{"rendered":"<p>PIATTAFORMA ZOOM Lavorare in team non \u00e8 sempre facile, quantomeno scontato. Eppure il successo di molte delle nostre attivit\u00e0 professionali dipende dalla capacit\u00e0 di contribuire al buon funzionamento del lavoro di squadra. Il successo del teamwork non dipende solo dalle abilit\u00e0 tecniche e professionali dei singoli membri del gruppo, neanche dalla loro somma. Anzi, la [&hellip;]<\/p>\n","protected":false},"featured_media":13056,"template":"","meta":[],"product_cat":[108,268,263],"product_tag":[202],"class_list":["post-13055","product","type-product","status-publish","has-post-thumbnail","hentry","product_cat-genitori-e-figli","product_cat-relazioni-ed-empowerment","product_cat-webinar-su-prenotazione","product_tag-webinar-su-prenotazione"],"yoast_head":"<!-- This site is optimized with the Yoast SEO plugin v26.9 - https:\/\/yoast.com\/product\/yoast-seo-wordpress\/ -->\n<title>WEBINAR La comunicazione inclusiva all&#039;interno del gruppo di lavoro - Faris<\/title>\n<meta name=\"robots\" content=\"index, follow, max-snippet:-1, max-image-preview:large, max-video-preview:-1\" \/>\n<link rel=\"canonical\" href=\"https:\/\/www.fondazioneaibi.it\/faris\/prodotto\/webinar-la-comunicazione-inclusiva-allinterno-del-gruppo-di-lavoro\/\" \/>\n<meta property=\"og:locale\" content=\"it_IT\" \/>\n<meta property=\"og:type\" content=\"article\" \/>\n<meta property=\"og:title\" content=\"WEBINAR La comunicazione inclusiva all&#039;interno del gruppo di lavoro - Faris\" \/>\n<meta property=\"og:description\" content=\"PIATTAFORMA ZOOM Lavorare in team non \u00e8 sempre facile, quantomeno scontato. Eppure il successo di molte delle nostre attivit\u00e0 professionali dipende dalla capacit\u00e0 di contribuire al buon funzionamento del lavoro di squadra. Il successo del teamwork non dipende solo dalle abilit\u00e0 tecniche e professionali dei singoli membri del gruppo, neanche dalla loro somma. Anzi, la [&hellip;]\" \/>\n<meta property=\"og:url\" content=\"https:\/\/www.fondazioneaibi.it\/faris\/prodotto\/webinar-la-comunicazione-inclusiva-allinterno-del-gruppo-di-lavoro\/\" \/>\n<meta property=\"og:site_name\" content=\"Faris\" \/>\n<meta property=\"article:modified_time\" content=\"2023-11-13T18:42:47+00:00\" \/>\n<meta property=\"og:image\" content=\"https:\/\/www.fondazioneaibi.it\/faris\/wp-content\/uploads\/2023\/11\/startup-594090_1280.jpg\" \/>\n\t<meta property=\"og:image:width\" content=\"1280\" \/>\n\t<meta property=\"og:image:height\" content=\"853\" \/>\n\t<meta property=\"og:image:type\" content=\"image\/jpeg\" \/>\n<meta name=\"twitter:card\" content=\"summary_large_image\" \/>\n<meta name=\"twitter:label1\" content=\"Tempo di lettura stimato\" \/>\n\t<meta name=\"twitter:data1\" content=\"2 minuti\" \/>\n<script type=\"application\/ld+json\" class=\"yoast-schema-graph\">{\"@context\":\"https:\/\/schema.org\",\"@graph\":[{\"@type\":\"WebPage\",\"@id\":\"https:\/\/www.fondazioneaibi.it\/faris\/prodotto\/webinar-la-comunicazione-inclusiva-allinterno-del-gruppo-di-lavoro\/\",\"url\":\"https:\/\/www.fondazioneaibi.it\/faris\/prodotto\/webinar-la-comunicazione-inclusiva-allinterno-del-gruppo-di-lavoro\/\",\"name\":\"WEBINAR La comunicazione inclusiva all'interno del gruppo di lavoro - Faris\",\"isPartOf\":{\"@id\":\"https:\/\/www.fondazioneaibi.it\/faris\/#website\"},\"primaryImageOfPage\":{\"@id\":\"https:\/\/www.fondazioneaibi.it\/faris\/prodotto\/webinar-la-comunicazione-inclusiva-allinterno-del-gruppo-di-lavoro\/#primaryimage\"},\"image\":{\"@id\":\"https:\/\/www.fondazioneaibi.it\/faris\/prodotto\/webinar-la-comunicazione-inclusiva-allinterno-del-gruppo-di-lavoro\/#primaryimage\"},\"thumbnailUrl\":\"https:\/\/www.fondazioneaibi.it\/faris\/wp-content\/uploads\/2023\/11\/startup-594090_1280.jpg\",\"datePublished\":\"2023-11-13T17:12:10+00:00\",\"dateModified\":\"2023-11-13T18:42:47+00:00\",\"breadcrumb\":{\"@id\":\"https:\/\/www.fondazioneaibi.it\/faris\/prodotto\/webinar-la-comunicazione-inclusiva-allinterno-del-gruppo-di-lavoro\/#breadcrumb\"},\"inLanguage\":\"it-IT\",\"potentialAction\":[{\"@type\":\"ReadAction\",\"target\":[\"https:\/\/www.fondazioneaibi.it\/faris\/prodotto\/webinar-la-comunicazione-inclusiva-allinterno-del-gruppo-di-lavoro\/\"]}]},{\"@type\":\"ImageObject\",\"inLanguage\":\"it-IT\",\"@id\":\"https:\/\/www.fondazioneaibi.it\/faris\/prodotto\/webinar-la-comunicazione-inclusiva-allinterno-del-gruppo-di-lavoro\/#primaryimage\",\"url\":\"https:\/\/www.fondazioneaibi.it\/faris\/wp-content\/uploads\/2023\/11\/startup-594090_1280.jpg\",\"contentUrl\":\"https:\/\/www.fondazioneaibi.it\/faris\/wp-content\/uploads\/2023\/11\/startup-594090_1280.jpg\",\"width\":1280,\"height\":853},{\"@type\":\"BreadcrumbList\",\"@id\":\"https:\/\/www.fondazioneaibi.it\/faris\/prodotto\/webinar-la-comunicazione-inclusiva-allinterno-del-gruppo-di-lavoro\/#breadcrumb\",\"itemListElement\":[{\"@type\":\"ListItem\",\"position\":1,\"name\":\"Home\",\"item\":\"https:\/\/www.fondazioneaibi.it\/faris\/\"},{\"@type\":\"ListItem\",\"position\":2,\"name\":\"Shop\",\"item\":\"https:\/\/www.fondazioneaibi.it\/faris\/negozio\/\"},{\"@type\":\"ListItem\",\"position\":3,\"name\":\"WEBINAR La comunicazione inclusiva all&#8217;interno del gruppo di lavoro\"}]},{\"@type\":\"WebSite\",\"@id\":\"https:\/\/www.fondazioneaibi.it\/faris\/#website\",\"url\":\"https:\/\/www.fondazioneaibi.it\/faris\/\",\"name\":\"Faris\",\"description\":\"Faris\",\"publisher\":{\"@id\":\"https:\/\/www.fondazioneaibi.it\/faris\/#organization\"},\"potentialAction\":[{\"@type\":\"SearchAction\",\"target\":{\"@type\":\"EntryPoint\",\"urlTemplate\":\"https:\/\/www.fondazioneaibi.it\/faris\/?s={search_term_string}\"},\"query-input\":{\"@type\":\"PropertyValueSpecification\",\"valueRequired\":true,\"valueName\":\"search_term_string\"}}],\"inLanguage\":\"it-IT\"},{\"@type\":\"Organization\",\"@id\":\"https:\/\/www.fondazioneaibi.it\/faris\/#organization\",\"name\":\"Faris\",\"url\":\"https:\/\/www.fondazioneaibi.it\/faris\/\",\"logo\":{\"@type\":\"ImageObject\",\"inLanguage\":\"it-IT\",\"@id\":\"https:\/\/www.fondazioneaibi.it\/faris\/#\/schema\/logo\/image\/\",\"url\":\"https:\/\/www.fondazioneaibi.it\/faris\/wp-content\/uploads\/2021\/03\/FARIS-LOGO-WEB-SITE-payoff-490x109.png\",\"contentUrl\":\"https:\/\/www.fondazioneaibi.it\/faris\/wp-content\/uploads\/2021\/03\/FARIS-LOGO-WEB-SITE-payoff-490x109.png\",\"width\":494,\"height\":110,\"caption\":\"Faris\"},\"image\":{\"@id\":\"https:\/\/www.fondazioneaibi.it\/faris\/#\/schema\/logo\/image\/\"}}]}<\/script>\n<!-- \/ Yoast SEO plugin. -->","yoast_head_json":{"title":"WEBINAR La comunicazione inclusiva all'interno del gruppo di lavoro - Faris","robots":{"index":"index","follow":"follow","max-snippet":"max-snippet:-1","max-image-preview":"max-image-preview:large","max-video-preview":"max-video-preview:-1"},"canonical":"https:\/\/www.fondazioneaibi.it\/faris\/prodotto\/webinar-la-comunicazione-inclusiva-allinterno-del-gruppo-di-lavoro\/","og_locale":"it_IT","og_type":"article","og_title":"WEBINAR La comunicazione inclusiva all'interno del gruppo di lavoro - Faris","og_description":"PIATTAFORMA ZOOM Lavorare in team non \u00e8 sempre facile, quantomeno scontato. Eppure il successo di molte delle nostre attivit\u00e0 professionali dipende dalla capacit\u00e0 di contribuire al buon funzionamento del lavoro di squadra. Il successo del teamwork non dipende solo dalle abilit\u00e0 tecniche e professionali dei singoli membri del gruppo, neanche dalla loro somma. Anzi, la [&hellip;]","og_url":"https:\/\/www.fondazioneaibi.it\/faris\/prodotto\/webinar-la-comunicazione-inclusiva-allinterno-del-gruppo-di-lavoro\/","og_site_name":"Faris","article_modified_time":"2023-11-13T18:42:47+00:00","og_image":[{"width":1280,"height":853,"url":"https:\/\/www.fondazioneaibi.it\/faris\/wp-content\/uploads\/2023\/11\/startup-594090_1280.jpg","type":"image\/jpeg"}],"twitter_card":"summary_large_image","twitter_misc":{"Tempo di lettura stimato":"2 minuti"},"schema":{"@context":"https:\/\/schema.org","@graph":[{"@type":"WebPage","@id":"https:\/\/www.fondazioneaibi.it\/faris\/prodotto\/webinar-la-comunicazione-inclusiva-allinterno-del-gruppo-di-lavoro\/","url":"https:\/\/www.fondazioneaibi.it\/faris\/prodotto\/webinar-la-comunicazione-inclusiva-allinterno-del-gruppo-di-lavoro\/","name":"WEBINAR La comunicazione inclusiva all'interno del gruppo di lavoro - Faris","isPartOf":{"@id":"https:\/\/www.fondazioneaibi.it\/faris\/#website"},"primaryImageOfPage":{"@id":"https:\/\/www.fondazioneaibi.it\/faris\/prodotto\/webinar-la-comunicazione-inclusiva-allinterno-del-gruppo-di-lavoro\/#primaryimage"},"image":{"@id":"https:\/\/www.fondazioneaibi.it\/faris\/prodotto\/webinar-la-comunicazione-inclusiva-allinterno-del-gruppo-di-lavoro\/#primaryimage"},"thumbnailUrl":"https:\/\/www.fondazioneaibi.it\/faris\/wp-content\/uploads\/2023\/11\/startup-594090_1280.jpg","datePublished":"2023-11-13T17:12:10+00:00","dateModified":"2023-11-13T18:42:47+00:00","breadcrumb":{"@id":"https:\/\/www.fondazioneaibi.it\/faris\/prodotto\/webinar-la-comunicazione-inclusiva-allinterno-del-gruppo-di-lavoro\/#breadcrumb"},"inLanguage":"it-IT","potentialAction":[{"@type":"ReadAction","target":["https:\/\/www.fondazioneaibi.it\/faris\/prodotto\/webinar-la-comunicazione-inclusiva-allinterno-del-gruppo-di-lavoro\/"]}]},{"@type":"ImageObject","inLanguage":"it-IT","@id":"https:\/\/www.fondazioneaibi.it\/faris\/prodotto\/webinar-la-comunicazione-inclusiva-allinterno-del-gruppo-di-lavoro\/#primaryimage","url":"https:\/\/www.fondazioneaibi.it\/faris\/wp-content\/uploads\/2023\/11\/startup-594090_1280.jpg","contentUrl":"https:\/\/www.fondazioneaibi.it\/faris\/wp-content\/uploads\/2023\/11\/startup-594090_1280.jpg","width":1280,"height":853},{"@type":"BreadcrumbList","@id":"https:\/\/www.fondazioneaibi.it\/faris\/prodotto\/webinar-la-comunicazione-inclusiva-allinterno-del-gruppo-di-lavoro\/#breadcrumb","itemListElement":[{"@type":"ListItem","position":1,"name":"Home","item":"https:\/\/www.fondazioneaibi.it\/faris\/"},{"@type":"ListItem","position":2,"name":"Shop","item":"https:\/\/www.fondazioneaibi.it\/faris\/negozio\/"},{"@type":"ListItem","position":3,"name":"WEBINAR La comunicazione inclusiva all&#8217;interno del gruppo di lavoro"}]},{"@type":"WebSite","@id":"https:\/\/www.fondazioneaibi.it\/faris\/#website","url":"https:\/\/www.fondazioneaibi.it\/faris\/","name":"Faris","description":"Faris","publisher":{"@id":"https:\/\/www.fondazioneaibi.it\/faris\/#organization"},"potentialAction":[{"@type":"SearchAction","target":{"@type":"EntryPoint","urlTemplate":"https:\/\/www.fondazioneaibi.it\/faris\/?s={search_term_string}"},"query-input":{"@type":"PropertyValueSpecification","valueRequired":true,"valueName":"search_term_string"}}],"inLanguage":"it-IT"},{"@type":"Organization","@id":"https:\/\/www.fondazioneaibi.it\/faris\/#organization","name":"Faris","url":"https:\/\/www.fondazioneaibi.it\/faris\/","logo":{"@type":"ImageObject","inLanguage":"it-IT","@id":"https:\/\/www.fondazioneaibi.it\/faris\/#\/schema\/logo\/image\/","url":"https:\/\/www.fondazioneaibi.it\/faris\/wp-content\/uploads\/2021\/03\/FARIS-LOGO-WEB-SITE-payoff-490x109.png","contentUrl":"https:\/\/www.fondazioneaibi.it\/faris\/wp-content\/uploads\/2021\/03\/FARIS-LOGO-WEB-SITE-payoff-490x109.png","width":494,"height":110,"caption":"Faris"},"image":{"@id":"https:\/\/www.fondazioneaibi.it\/faris\/#\/schema\/logo\/image\/"}}]}},"_links":{"self":[{"href":"https:\/\/www.fondazioneaibi.it\/faris\/wp-json\/wp\/v2\/product\/13055","targetHints":{"allow":["GET"]}}],"collection":[{"href":"https:\/\/www.fondazioneaibi.it\/faris\/wp-json\/wp\/v2\/product"}],"about":[{"href":"https:\/\/www.fondazioneaibi.it\/faris\/wp-json\/wp\/v2\/types\/product"}],"wp:featuredmedia":[{"embeddable":true,"href":"https:\/\/www.fondazioneaibi.it\/faris\/wp-json\/wp\/v2\/media\/13056"}],"wp:attachment":[{"href":"https:\/\/www.fondazioneaibi.it\/faris\/wp-json\/wp\/v2\/media?parent=13055"}],"wp:term":[{"taxonomy":"product_cat","embeddable":true,"href":"https:\/\/www.fondazioneaibi.it\/faris\/wp-json\/wp\/v2\/product_cat?post=13055"},{"taxonomy":"product_tag","embeddable":true,"href":"https:\/\/www.fondazioneaibi.it\/faris\/wp-json\/wp\/v2\/product_tag?post=13055"}],"curies":[{"name":"wp","href":"https:\/\/api.w.org\/{rel}","templated":true}]}}